n base 7, what is -5 + -52164?
-52202
In base 2, what is -1 + -1110110011100?
-1110110011101
In base 5, what is -431113344 + 3?
-431113341
In base 16, what is -1bd8b + 16?
-1bd75
In base 9, what is 1 - 1803062?
-1803061
In base 7, what is 40434 + -1065?
36336
In base 2, what is 1010 + -101001100001?
-101001010111
In base 9, what is -128 + 46624?
46485
In base 2, what is -101 - -1011101111011?
1011101110110
In base 3, what is 22222 - -112101?
212100
In base 2, what is -10100010111011 - 1?
-10100010111100
In base 4, what is 2232312312 + 11?
2232312323
In base 5, what is -1012 - 134321?
-140333
In base 8, what is -1311 + 1311?
0
In base 11, what is -262 - a6?
-358
In base 10, what is 0 + -3456?
-3456
In base 4, what is -1110330 - 122?
-1111112
In base 5, what is -3 - 120003104?
-120003112
In base 4, what is 11 - -1123221021?
1123221032
In base 4, what is -1113 + 1021?
-32
In base 8, what is -4 - 2245307?
-2245313
In base 15, what is ba - -19c?
267
In base 12, what is -36 - 88a?
-904
In base 8, what is 5 - 32613?
-32606
In base 5, what is -1 + 12012?
12011
In base 5, what is 144001104 - 10?
144001044
In base 16, what is 2 - be0?
-bde
In base 10, what is -270 - -100?
-170
In base 11, what is 18 - -46a47?
46a64
In base 12, what is -3 - -626b7?
626b4
In base 4, what is 3 - -130312?
130321
In base 5, what is -101 - 2134?
-2240
In base 15, what is -1bb2 - -44?
-1b6d
In base 9, what is -11 - 13748?
-13760
In base 3, what is 1100 - -1111011121?
1111012221
In base 15, what is -9be8 + 2?
-9be6
In base 4, what is -3 - 1301311110?
-1301311113
In base 5, what is -432 + -41432?
-42414
In base 14, what is 2 - -8b90?
8b92
In base 11, what is 2 - -6140?
6142
In base 5, what is -24224121 - -2?
-24224114
In base 12, what is 1 - 19ba72?
-19ba71
In base 2, what is 10100001100001011011 + 0?
10100001100001011011
In base 15, what is 4d3 + -d?
4c5
In base 2, what is -101101000 + 101111011?
10011
In base 8, what is -1233 + 245?
-766
In base 16, what is -1 - -5e84e?
5e84d
In base 16, what is 2 + 330d4?
330d6
In base 16, what is -5 - -5f64?
5f5f
In base 9, what is -1777 - -181?
-1586
In base 14, what is 186 - -65?
20b
In base 12, what is 75 + -215?
-160
In base 4, what is 201102 - 32?
201010
In base 5, what is 32104041 + 3?
32104044
In base 5, what is 2321 + -10?
2311
In base 2, what is 100101 + -10001?
10100
In base 2, what is -100101001001 - -10110?
-100100110011
In base 15, what is -cd1 + 424?
-8ac
In base 13, what is b6 - 65?
51
In base 12, what is 17 - 1347?
-1330
In base 16, what is 378f56 - 5?
378f51
In base 6, what is 34 - 124523?
-124445
In base 14, what is 51b7 - 1?
51b6
In base 12, what is 8 + -545?
-539
In base 9, what is 1010 - 151?
748
In base 4, what is 20213201 + -123?
20213012
In base 16, what is -24 - 273c?
-2760
In base 9, what is 27008 + 185?
27204
In base 8, what is 2147 - 116?
2031
In base 6, what is -54404 + 2000?
-52404
In base 9, what is 38 - -1517?
1556
In base 13, what is 13 - 2c956?
-2c943
In base 6, what is -1524 - -21520?
15552
In base 12, what is -2142 - 0?
-2142
In base 9, what is -242 - -1306?
1054
In base 2, what is 0 + -10010010010110?
-10010010010110
In base 15, what is -6ca8a + 3?
-6ca87
In base 8, what is -57 - -224666?
224607
In base 15, what is 6 + c8c8?
c8ce
In base 4, what is 10 - -222010?
222020
In base 10, what is 616025 + 2?
616027
In base 3, what is 2111 + 20022120?
20102001
In base 10, what is 4356420 - 3?
4356417
In base 11, what is -239446 - 2?
-239448
In base 15, what is -b3 + 278?
1b5
In base 9, what is -487 - 11?
-508
In base 2, what is -100 + -1100100111100011?
-1100100111100111
In base 9, what is -717 + 101?
-616
In base 6, what is -101 + -2144?
-2245
In base 6, what is -34331 + -1?
-34332
In base 8, what is 11 + 14125?
14136
In base 15, what is -1063 + -a?
-106d
In base 8, what is 0 + 473153?
473153
In base 13, what is 2097 - 116?
1c81
In base 3, what is 1021 + -100100000002?
-100022221211
In base 15, what is -60 - -27b7?
2757
In base 15, what is -1b - -1e829?
1e80d
In base 15, what is -9358 - 2?
-935a
In base 7, what is -1422 + -64?
-1516
In base 7, what is -1 - 11223445?
-11223446
In base 10, what is -3 + 42763?
42760
In base 8, what is 24461 + 37?
24520
In base 4, what is -2031011 + -1101?
-2032112
In base 10, what is 4 - 8470?
-8466
In base 8, what is 0 + 1260724?
1260724
In base 2, what is 111010010011 - -1011?
111010011110
In base 12, what is -21 + 203?
1a2
In base 11, what is -144a52 - -11?
-144a41
In base 13, what is 820 + -351?
49c
In base 3, what is -202210 + -100020?
-1010000
In base 10, what is 70005 - -5?
70010
In base 8, what is 11753351 - 2?
11753347
In base 3, what is -22211210 - 1022?
-22220002
In base 7, what is 16 + 655150?
655166
In base 9, what is 2 + 17307?
17310
In base 6, what is -1521 - 143110?
-145031
In base 15, what is 30b9 + -1?
30b8
In base 14, what is -7 + 65c?
655
In base 5, what is -404103 + -2?
-404110
In base 15, what is -4 + 2dba9?
2dba5
In base 9, what is -871 + -52?
-1033
In base 6, what is 114440 - -4?
114444
In base 14, what is 452 + 54?
4a6
In base 15, what is -8099 - c4?
-816d
In base 15, what is -8961 + 5?
-895b
In base 3, what is 22100100 - -10?
22100110
In base 7, what is -13001 - 0?
-13001
In base 9, what is 285 - 642?
-346
In base 16, what is -8 + -692?
-69a
In base 9, what is 208624 + -2?
208622
In base 4, what is 101221 - -10013?
111300
In base 7, what is -1153536 - 11?
-1153550
In base 2, what is -11111011 - 11100111111010?
-11101011110101
In base 15, what is a5d7 + 0?
a5d7
In base 13, what is -10 - -8a0b?
89cb
In base 3, what is 1211120011 + 1?
1211120012
In base 6, what is 120 - 52312?
-52152
In base 11, what is 425 + 15?
43a
In base 3, what is -1010112 + 1011?
-1002101
In base 14, what is -2 - 1b830?
-1b832
In base 4, what is -1010333032 - 0?
-1010333032
In base 6, what is 33 + -504234?
-504201
In base 10, what is -492174 - -5?
-492169
In base 2, what is 10100011110001100 - -100?
10100011110010000
In base 6, what is 3204 - 114?
3050
In base 4, what is 133222331 + -1?
133222330
In base 9, what is -6 - -122506?
122500
In base 5, what is -1 - -3114102?
3114101
In base 13, what is 3 - 43067?
-43064
In base 2, what is -10 + -101000011001001011?
-101000011001001101
In base 5, what is -3140113 - -32?
-3140031
In base 4, what is -211 - 1001310?
-1002121
In base 13, what is 1 + -132790?
-13278c
In base 4, what is -2203 - 3332210?
-10001013
In base 13, what is c9bc2 + 2?
c9bc4
In base 6, what is 221343 - -115?
221502
In base 2, what is 1101001101111111 + -11?
1101001101111100
In base 6, what is 233444 + -14?
233430
In base 7, what is 134356 - 3?
134353
In base 14, what is c72b + -55?
c6b6
In base 16, what is 1865ee + -5?
1865e9
In base 9, what is 12440803 + 5?
12440808
In base 4, what is -1001231132 - -100?
-1001231032
In base 5, what is -3 - -10040301?
10040243
In base 6, what is 15104422 + -5?
15104413
In base 10, what is -3 + 48945?
48942
In base 12, what is -3648 + 1?
-3647
In base 14, what is -2071a - -5?
-20715
In base 16, what is 7d61 + -17?
7d4a
In base 7, what is 66236 + -4?
66232
In base 13, what is -1149 - 8?
-1154
In base 6, what is -3 + 1044425?
1044422
In base 15, what is -1066 - -96?
-ec0
In base 11, what is -1507 + 10?
-14a7
In base 14, what is 5 - -263a6?
263ab
In base 4, what is -23 - 10022221?
-10022310
In base 14, what is 3 - -613d9?
613dc
In base 6, what is -3341 - -121?
-3220
In base 11, what is -5 - -132a2?
13298
In base 13, what is 18 + 7a2?
7ba
In base 5, what is -3 + 14342403?
14342400
In base 7, what is 231 + 1156?
1420
In base 13, what is -3b73 - 2?
-3b75
In base 14, what is 675 - 8?
66b
In base 9, what is 544 - -34?
578
In base 2, what is -11010111110001 + -10?
-11010111110011
In base 2, what is 10 + -1011110100110010?
-1011110100110000
In base 16, what is 10127 - 0?
10127
In base 15, what is -337 + 1cee?
19b7
In base 16, what is 5 + -153a35?
-153a30
In base 10, what is 8 + 1037?
1045
In base 5, what is 10 + 414314342?
414314402
In base 5, what is -1224434 + 0?
-1224434
In base 14, what is 3450 + -12?
343c
In base 15, what is 1c + 7870?
788c
In base 10, what is -4 - 30758?
-30762
In base 10, what is -1558973 + -4?
-1558977
In base 2, what is -101 + -11001110001010?
-11001110001111
In base 14, what is 29 + -68?
-3d
In base 14, what is -1 + 1244?